{"id":31,"date":"2009-09-22T10:10:34","date_gmt":"2009-09-22T08:10:34","guid":{"rendered":"http:\/\/struplersport.ch\/v2\/?page_id=31"},"modified":"2024-06-14T14:19:51","modified_gmt":"2024-06-14T12:19:51","slug":"martin-strupler","status":"publish","type":"page","link":"https:\/\/struplersport.ch\/?page_id=31","title":{"rendered":"Martin Strupler"},"content":{"rendered":"<p>Jahrgang 1952, verheiratet mit Christa Gr\u00f6tzinger Strupler<br \/>\n4 Kinder mit den Jahrg\u00e4ngen 1980, 1984, 2003, 2006, 2 Enkelkinder mit den Jahrg\u00e4ngen 2011 und 2014<\/p>\n<p><strong>Ausbildung<\/strong><\/p>\n<table border=\"0\" width=\"100%\" cellspacing=\"0\" cellpadding=\"0\">\n<tbody>\n<tr>\n<td align=\"left\" valign=\"top\" width=\"80\">1972<\/td>\n<td align=\"left\" valign=\"top\">C-Matur Realgymnasium Bern-Neufeld<\/td>\n<\/tr>\n<tr>\n<td align=\"left\" valign=\"top\" width=\"80\">1974<\/td>\n<td align=\"left\" valign=\"top\">Turn- und Sportlehrer-Diplom I, Uni Bern<\/td>\n<\/tr>\n<tr>\n<td align=\"left\" valign=\"top\" width=\"80\">1980<\/td>\n<td align=\"left\" valign=\"top\">Diplom Architekt, ETH Z\u00fcrich<\/td>\n<\/tr>\n<tr>\n<td align=\"left\" valign=\"top\" width=\"80\">1984<\/td>\n<td align=\"left\" valign=\"top\">Turn- und Sportlehrer-Diplom II, ETH Z\u00fcrich (berufsbegleitend)<\/td>\n<\/tr>\n<\/tbody>\n<\/table>\n<p><strong>Berufliche T\u00e4tigkeiten<\/strong><\/p>\n<table border=\"0\" width=\"100%\" cellspacing=\"0\" cellpadding=\"0\">\n<tbody>\n<tr>\n<td align=\"left\" valign=\"top\" width=\"80\">seit 2004<\/td>\n<td align=\"left\" valign=\"top\">Inhaber und Gesch\u00e4ftsf\u00fchrer der &#8222;Strupler Sport Consulting&#8220;<\/td>\n<\/tr>\n<tr>\n<td align=\"left\" valign=\"top\" width=\"80\">1990 &#8211; 2003<\/td>\n<td align=\"left\" valign=\"top\">Vorsteher des Sportamtes des Kantons Bern<\/td>\n<\/tr>\n<tr>\n<td align=\"left\" valign=\"top\" width=\"80\">1986 &#8211; 1990<\/td>\n<td align=\"left\" valign=\"top\">Berufsschullehrer (Bauabteilung GIB, Bern)<\/td>\n<\/tr>\n<tr>\n<td align=\"left\" valign=\"top\" width=\"80\">1980 &#8211; 1986<\/td>\n<td align=\"left\" valign=\"top\">Gesch\u00e4ftsf\u00fchrer und Ausbildungschef des Interverbandes f\u00fcr Schwimmen<\/td>\n<\/tr>\n<tr>\n<td align=\"left\" valign=\"top\" width=\"80\">1980<\/td>\n<td align=\"left\" valign=\"top\">Architekt im B\u00fcro Winkler, Z\u00fcrich<\/td>\n<\/tr>\n<\/tbody>\n<\/table>\n<p><strong>Wichtigste nebenberufliche T\u00e4tigkeiten<\/strong><\/p>\n<table border=\"0\" width=\"100%\" cellspacing=\"0\" cellpadding=\"0\">\n<tbody>\n<tr>\n<td align=\"left\" valign=\"top\" width=\"80\">1981 &#8211; 2017<\/td>\n<td align=\"left\" valign=\"top\">Dozent am Institut f\u00fcr Sportwissenschaft der Universit\u00e4t Bern<\/td>\n<\/tr>\n<tr>\n<td align=\"left\" valign=\"top\" width=\"80\">seit 2008<\/td>\n<td align=\"left\" valign=\"top\">Leiter freiwilliger Schulsport (Unterstufe) und Juniorentrainer TV L\u00e4nggasse Bern (U11-U15)<\/td>\n<\/tr>\n<tr>\n<td align=\"left\" valign=\"top\" width=\"80\">bis 2020<\/td>\n<td align=\"left\" valign=\"top\">Kursleiter und Experte in J+S-Experten- und Leiterkursen Handball und Kindersport<\/td>\n<\/tr>\n<tr>\n<td align=\"left\" valign=\"top\" width=\"80\">fr\u00fcher<\/td>\n<td align=\"left\" valign=\"top\">\n<ul>\n<li>Dozent an der ETH Z\u00fcrich<\/li>\n<li>Ausbildungschef Wasserspringen im Schweiz. Schwimmverband<\/li>\n<li>Nationalligatrainer Handball (insgesamt 20 Saisons in verschiedenen Klubs)<\/li>\n<li>Spitzensportkarriere im Kunst- und Turmspringen sowie im Handball<\/li>\n<\/ul>\n<\/td>\n<\/tr>\n<\/tbody>\n<\/table>\n","protected":false},"excerpt":{"rendered":"<p>Jahrgang 1952, verheiratet mit Christa Gr\u00f6tzinger Strupler 4 Kinder mit den Jahrg\u00e4ngen 1980, 1984, 2003, 2006, 2 Enkelkinder mit den Jahrg\u00e4ngen 2011 und 2014 Ausbildung 1972 C-Matur Realgymnasium Bern-Neufeld 1974 Turn- und Sportlehrer-Diplom I, Uni Bern 1980 Diplom Architekt, ETH Z\u00fcrich 1984 Turn- und Sportlehrer-Diplom II, ETH Z\u00fcrich (berufsbegleitend) Berufliche T\u00e4tigkeiten seit 2004 Inhaber und [&hellip;]<\/p>\n","protected":false},"author":2,"featured_media":0,"parent":0,"menu_order":25,"comment_status":"closed","ping_status":"closed","template":"","meta":[],"_links":{"self":[{"href":"https:\/\/struplersport.ch\/index.php?rest_route=\/wp\/v2\/pages\/31"}],"collection":[{"href":"https:\/\/struplersport.ch\/index.php?rest_route=\/wp\/v2\/pages"}],"about":[{"href":"https:\/\/struplersport.ch\/index.php?rest_route=\/wp\/v2\/types\/page"}],"author":[{"embeddable":true,"href":"https:\/\/struplersport.ch\/index.php?rest_route=\/wp\/v2\/users\/2"}],"replies":[{"embeddable":true,"href":"https:\/\/struplersport.ch\/index.php?rest_route=%2Fwp%2Fv2%2Fcomments&post=31"}],"version-history":[{"count":27,"href":"https:\/\/struplersport.ch\/index.php?rest_route=\/wp\/v2\/pages\/31\/revisions"}],"predecessor-version":[{"id":964,"href":"https:\/\/struplersport.ch\/index.php?rest_route=\/wp\/v2\/pages\/31\/revisions\/964"}],"wp:attachment":[{"href":"https:\/\/struplersport.ch\/index.php?rest_route=%2Fwp%2Fv2%2Fmedia&parent=31"}],"curies":[{"name":"wp","href":"https:\/\/api.w.org\/{rel}","templated":true}]}}